+ 4. Suppose -2*j - l*a = -4*j + 18, 0 = -3*j + 2*a + 31. Is j a prime number?
True
Let x be -2 - 50/2 - 0. Is x/6*-24 + -2 a prime number?
False
Suppose 155 = 4*m - 469. Let k = -69 + m. Is k composite?
True
Suppose 4*n = -4*s + 2*n + 1952, -n - 2426 = -5*s. Let k = s + -155. Is k a prime number?
True
Suppose 2*h - 5*h = -9. Is h a prime number?
True
Suppose 0 = j + 2*b - 379 + 11, -3*j = -5*b - 1137. Is 6/27 + j/18 prime?
False
Let q be (-1)/(-3) + (-20)/6. Let y = q + 14. Is y a composite number?
False
Let q(b) = 1 + 7*b**2 + 0*b**2 + 0*b - 3*b**2 - 2*b. Is q(3) prime?
True
Let a be (20/(-6))/(2/(-51)). Let n = a + -48. Is n composite?
False
Suppose 0 = y - 27 - 95. Let q = -85 + y. Is q prime?
True
Let q(u) = 1 + 0 + u + 7*u**2 - u**2. Let d be q(-1). Let l = d + 0. Is l composite?
True
Suppose 2*c + 10*s - 27 = 5*s, -4*s = 4*c - 36. Is c composite?
True
Let w(i) be the third derivative of i**6/360 + 23*i**4/8 + i**3/3 + i**2. Let c(t) be the first derivative of w(t). Is c(0) composite?
True
Suppose -2*u = -5*u + 822. Is u a prime number?
False
Suppose 0 = -f + 302 + 77. Is f a prime number?
True
Suppose 892 - 19 = b. Suppose 0*y = 3*y - b. Is y a composite number?
True
Let v be ((-12)/(-2))/((-6)/(-21)). Suppose 0 = 2*a - u - v, -2*u + 26 = 2*a + 2*u. Is a composite?
False
Let l(d) = -738*d + 55. Is l(-16) a composite number?
False
Suppose l = 66 + 280. Let d = l + -237. Suppose -2*h - d = -267. Is h a prime number?
True
Suppose 6*w = w + 15. Is (1/w)/(6/1638) a composite number?
True
Let h = 1 + 1. Let i(d) = 0*d - 2*d**h + 4*d**2 - d. Is i(-3) a composite number?
True
Suppose -2*d = -z - 265 - 169, -223 = -d - z. Is d a composite number?
True
Suppose 1456 = 5*t - 3*v, -v - 2*v - 284 = -t. Is t a composite number?
False
Let q(h) = -9*h**3 + 5*h**2 - 10*h - 23. Is q(-6) composite?
False
Let w = 572 + -971. Let v = w + 758. Let r = v - 246. Is r composite?
False
Let g(d) be the third derivative of d**5/60 - d**4/12 - 5*d**3/3 + 8*d**2. Let p(l) = l**3 - 5*l**2 + 2*l - 3. Let a be p(4). Is g(a) a prime number?
False
Suppose 2*x - 108 = -2*x. Suppose -t - c + 3 = 0, -t + 2*t - 5*c = x. Is t composite?
False
Let i = 32 - -147. Suppose 2*l + 4*f = 176, 4*l = -f + i + 187. Suppose 0 = -q - 3*q + l. Is q a prime number?
True
Suppose 5 - 75 = -5*m. Is -194*(m/(-4))/7 composite?
False
Let m(l) = -l**3 + 8*l**2 - 5*l + 1. Let y be m(6). Suppose -2*o + 8*o = -60. Let k = y - o. Is k a prime number?
True
Let q(t) = -t**3 + 6*t**2 + 6*t + 10. Let g = 1 - -6. Let d be q(g). Suppose -d*k + 124 - 19 = 0. Is k a composite number?
True
Let s(q) = q + 2. Let r be s(-2). Let w(p) = p + p + r*p. Is w(2) a composite number?
True
Let v(s) = 29*s**2 + 3*s - 3. Let p be v(2). Suppose p - 4 = h. Is h a composite number?
True
Let f = -105 + 188. Is f composite?
False
Let s = 29 - 25. Suppose 0 = s*h + h - 3935. Is h prime?
True
Let d be 3*(-2 - (-78)/9). Suppose 0 = 2*v + 3*v + d, 3*p + 4*v = 86. Is p composite?
True
Let l(j) = -7*j - 4. Let o(p) = 36*p**2 - 2*p - 1. Let u be o(-1). Suppose 5*t + u = 12. Is l(t) a composite number?
False
Suppose 0 = -2*c - 5*q - 120, -16 = -q + 5*q. Let j = c - -119. Is j a composite number?
True
Let l(m) be the third derivative of -31*m**4/24 + 2*m**2. Let y be (-63)/9 - (0 + 0). Is l(y) a composite number?
True
Let r be (-9)/1*(1 + 0). Let q be r/(-2)*2/3. Let s = 4 + q. Is s prime?
True
Suppose 2*n = 6*n + 4*x - 20600, 3*n = -4*x + 15447. Is n composite?
False
Suppose t = 5*i - 3, 3*t + 6*i - 11 = i. Is ((-265)/(-20))/(t/8) prime?
True
Let z(g) be the third derivative of g**5/60 + g**4/12 - 5*g**3/3 + 2*g**2. Is z(-11) composite?
False
Suppose -2*z + 2*u = -u - 1294, u + 645 = z. Is z composite?
False
Let j be (-5)/(1/1) + -1. Is j/(-1*4/22) a composite number?
True
Let x = -22 - -13. Let m = -4 - x. Suppose -4*g + 351 = -m. Is g prime?
True
Is (7658/21)/(2/3) a prime number?
True
Let g(k) = 12*k - 1. Let a = -4 + 6. Let m(r) = 2*r - 1. Let h be m(a). Is g(h) prime?
False
Let i = 3 - -3. Is i a composite number?
True
Let d = -11 + 20. Suppose v - d = -2*v. Suppose 5*r + w - v*w = 163, -2*r + 61 = -5*w. Is r a prime number?
False
Suppose 0 = 2*p + 3*p - 5*k - 2460, 4*k + 489 = p. Is p a composite number?
True
Suppose -7 + 2 = 5*f. Is (-2 - 65)/(f - 0) a prime number?
True
Is (33 - -4)*(-1 + 2) a prime number?
True
Suppose 0 = 2*b - 4*m - 1481 + 95, -b + 689 = -3*m. Is b a prime number?
True
Suppose -4*d - 2*b = 10, 5*d - 2*b - 8 = 2. Suppose d = z - 3*z + 206. Is z a composite number?
False
Let t(f) = -f**3 - 10*f**2 - 8*f + 12. Let z be t(-9). Suppose z*y + 2*y = 5*v - 10, 0 = 3*y + 4*v - 22. Is (-111)/y*14/(-21) prime?
True
Let f(b) = -22*b**3 + 5*b**2 + b - 3. Let j be f(-3). Suppose -5*r = 2*m - 495 - j, -4*m + 900 = 4*r. Is r a composite number?
True
Let t = 2 + 3. Suppose 3*r = t*r. Suppose -m + 0*x + 4*x + 65 = r, 4*m - 317 = -3*x. Is m composite?
True
Suppose -3*r + 7 = -2*r + z, -5*r + 25 = -5*z. Let w(v) = 4*v**2 + v + 1. Let u be w(-2). Let g = u + r. Is g composite?
True
Suppose -2*y + y = 248. Let r = -67 - y. Suppose -f = -s + 67, -41 = 2*s - 5*f - r. Is s prime?
False
Let g(u) = u**3 - 6*u**2 + 10. Is g(7) composite?
False
Let g(b) = -20*b. Let o be g(-1). Suppose -3*i = -7*i + o. Suppose -3*z + i*z = -4*j + 98, -5*z = -5*j + 100. Is j composite?
False
Suppose 4*m - 5*i = 377, -3*m + 219 = -3*i - 60. Suppose 0*f + f = m. Let s = 207 - f. Is s prime?
False
Suppose 3*w = 2*w + 1. Let r be (-1 + w)/(2 + -1). Suppose r = -3*t + 2*t + 15. Is t prime?
False
Let f = 100 - -41. Suppose 2*g + 123 + f = 0. Is g/8*(-28)/6 a composite number?
True
Let w = -85 - -28. Let j(y) = 24*y**2 - 2. Let b be j(2). Let z = w + b. Is z composite?
False
Let m(w) = w + 2. Let d be m(-2). Suppose d = -4*h - 4, -4*f + h = -2 - 3. Is 0/(2/f) + 53 prime?
True
Let q = 358 + -210. Let m be 4/10 + (-13)/(-5). Suppose 0 = 7*k - m*k - q. Is k a composite number?
False
Is (18/15)/((-2)/(-5)) - -550 a prime number?
False
Let y be (13/(-13))/(2/(-4)). Suppose -y*s + 171 = s. Is s prime?
False
Suppose 2*y = -g - 0 - 3, 3 = -2*g - 3*y. Suppose -q - 12 = -4*p + 3, 3*p + 4*q - 16 = 0. Suppose -2*r - g*f = 2*r - 121, -p*r + 123 = f. Is r composite?
False
Suppose -q + c = 5*c - 14, 3*c + 1 = 5*q. Suppose -159 = -f - q*f. Is f a composite number?
False
Let z(b) = -12 + 2*b - b + 63. Is z(0) prime?
False
Let z(b) = 2*b**3 - 7*b**2 - b - 13. Is z(9) a prime number?
False
Let k(t) = -t**2 - 8*t - 2. Let n be k(-7). Let a be (-2 - n)*(-30)/7. Let c = a - 11. Is c a prime number?
True
Let h(x) be the third derivative of -x**6/120 + x**5/5 - 7*x**4/24 + 3*x**3/2 - 5*x**2. Is h(11) composite?
False
Suppose 5*n = -5*z + 6085, 0*n - 4*n - 1197 = -z. Is z a composite number?
False
Let s(o) = 3*o**2 + 2*o - 1. Let h be s(1). Suppose h = -2*x - 0*x, -60 = -2*u + 4*x. Is u composite?
True
Let p be (2*-1 - -1) + 1. Let b = 5 - 3. Suppose p*v = -v - b*f + 51, 5*v - 239 = -2*f. Is v a prime number?
True
Suppose -6742 = -10*f + 28768. Is f a composite number?
True
Let d(w) = w**3 - 4*w**2 + 4*w - 4. Let q(f) = f**3 - 8*f**2 + 7*f + 3. Let v be q(7). Let l be d(v). Let i = 4 + l. Is i prime?
True
Suppose -6*k = -903 - 4431. Is k composite?
True
Let o = -3 - -6. Suppose -5*d - 74 = -t, -o*d = -8*d. Suppose 3*r = 73 + t. Is r a composite number?
True
Let t be ((-10)/(-25))/(1/5). Suppose -t*k + 3*k = 5. Suppose -k*w - 3*a + 221 = -3*w, -549 = -5*w - 4*a. Is w a prime number?
True
Let b = 631 + -429. Is b composite?
True
Let v(j) = 15*j**3 + 4*j**2 - 2*j - 1. Is v(2) prime?
True
Is 218 + -11 - (-2 + -2) prime?
True
Let p(t) be the second derivative of -t**3/2 + 3*t**2/2 + t. Let w be p(2). Is (-1 - w)/((-4)/(-74)) composite?
False
Let w be -11 + (-1 - 12/(-3)). Let f = w + 2. Let n(z) = 4*z**2 - z - 1. Is n(f) a prime number?
True
Suppose -5*s + 198 = -3*b - 1031, 5*b + 2036 = -4*s. Let c = -253 - b. Is c a composite number?
True
Let a be 12/20 + (-3)/5. Suppose -n = -i - 206, n - 3*n + 3*i + 415 = a. Is n prime?
False
Is 256*4 + 9/3 a composite number?
True
Let v(w) be the second derivative of -w**6/360 + 11*w**5/120 + w**4/8 + w**3/3 + 2*w. Let t(a) be the second derivative of v(a). Is t(9) a composite number?
True
Suppose 0*s + 3*s = 63. Suppose -w = -4*w + s. Is w a comp